{"id":811,"date":"2024-04-04T12:00:44","date_gmt":"2024-04-04T10:00:44","guid":{"rendered":"https:\/\/hallenbad.de\/specials\/rock-im-allerpark-2\/"},"modified":"2025-11-25T12:28:25","modified_gmt":"2025-11-25T11:28:25","slug":"lesetage","status":"publish","type":"page","link":"https:\/\/w10b.de\/testserver\/hallenbad\/angebote\/lesetage\/","title":{"rendered":"Lesetage"},"content":{"rendered":"\t\t<div data-elementor-type=\"wp-page\" data-elementor-id=\"811\" class=\"elementor elementor-811\" data-elementor-post-type=\"page\">\n\t\t\t\t<div style=\"background-image: url(https:\/\/w10b.de\/testserver\/hallenbad\/wp-content\/uploads\/2025\/03\/2025_Lesetage_HB_Header.jpg);background-position:center center;background-repeat:no-repeat;background-size:cover;\" class=\"e-lazyloaded elementor-element elementor-element-6a576de3 e-con-full e-flex e-con e-parent\" data-id=\"6a576de3\" data-element_type=\"container\" data-settings=\"{&quot;background_background&quot;:&quot;classic&quot;}\">\n\t\t\t\t<\/div>\n\t\t<div class=\"elementor-element elementor-element-22cefea9 e-flex e-con-boxed e-con e-parent\" data-id=\"22cefea9\" data-element_type=\"container\" data-settings=\"{&quot;background_background&quot;:&quot;classic&quot;}\">\n\t\t\t\t\t<div class=\"e-con-inner\">\n\t\t<div class=\"elementor-element elementor-element-1909c49a e-con-full e-flex e-con e-child\" data-id=\"1909c49a\" data-element_type=\"container\" data-settings=\"{&quot;background_background&quot;:&quot;classic&quot;}\">\n\t\t\t\t<div class=\"elementor-element elementor-element-61ed4e77 elementor-widget__width-inherit elementor-widget elementor-widget-theme-post-title elementor-page-title elementor-widget-heading\" data-id=\"61ed4e77\" data-element_type=\"widget\" data-widget_type=\"theme-post-title.default\">\n\t\t\t\t<div class=\"elementor-widget-container\">\n\t\t\t\t\t<h1 class=\"elementor-heading-title elementor-size-default\">Lesetage<\/h1>\t\t\t\t<\/div>\n\t\t\t\t<\/div>\n\t\t\t\t<div class=\"elementor-element elementor-element-7258faec elementor-widget elementor-widget-heading\" data-id=\"7258faec\" data-element_type=\"widget\" data-widget_type=\"heading.default\">\n\t\t\t\t<div class=\"elementor-widget-container\">\n\t\t\t\t\t<h2 class=\"elementor-heading-title elementor-size-default\">gef\u00f6rdert von Ehme de Riese. Der Optiker.<\/h2>\t\t\t\t<\/div>\n\t\t\t\t<\/div>\n\t\t\t\t<div class=\"elementor-element elementor-element-5c6616f8 elementor-widget__width-inherit elementor-widget-divider--view-line elementor-widget elementor-widget-divider\" data-id=\"5c6616f8\" data-element_type=\"widget\" data-widget_type=\"divider.default\">\n\t\t\t\t<div class=\"elementor-widget-container\">\n\t\t\t\t\t\t\t<div class=\"elementor-divider\">\n\t\t\t<span class=\"elementor-divider-separator\">\n\t\t\t\t\t\t<\/span>\n\t\t<\/div>\n\t\t\t\t\t\t<\/div>\n\t\t\t\t<\/div>\n\t\t<div class=\"elementor-element elementor-element-35937e95 e-con-full e-flex e-con e-child\" data-id=\"35937e95\" data-element_type=\"container\" data-settings=\"{&quot;background_background&quot;:&quot;classic&quot;}\">\n\t\t\t\t<div class=\"elementor-element elementor-element-1c953ff1 elementor-widget elementor-widget-text-editor\" data-id=\"1c953ff1\" data-element_type=\"widget\" data-widget_type=\"text-editor.default\">\n\t\t\t\t<div class=\"elementor-widget-container\">\n\t\t\t\t\t\t\t\t\t<p><strong>Das Kulturzentrum Hallenbad l\u00e4dt in Kooperation mit Optiker Ehme de Riese herzlich zu den 16. Lesetagen ein.<\/strong><\/p><p>Diese traditionsreiche Veranstaltungsreihe bringt im November2025 erneut literarische H\u00f6hepunkte nach Wolfsburg. Das Publikum darf sich auf einvielseitiges und spannendes Programm freuen, das eine beeindruckende Bandbreite anStimmen und Formaten vereint. Neben bekannten Namen der Literaturszene werden auchK\u00fcnstlerinnen und K\u00fcnstler aus Journalismus, Schauspiel und Podcast-Produktionpr\u00e4sentiert, die mit ihren Werken und Erz\u00e4hlungen f\u00fcr literarische Akzente sorgen werden.<\/p><p>Freuen Sie sich auf die renommierte deutsche Autorin <a href=\"https:\/\/w10b.de\/testserver\/hallenbad\/veranstaltungen\/lesetage2025-susanne_matthiessen\/\">Susanne Matthiessen<\/a>. In ihrem aktuellen Roman \u201eLass uns noch mal los\u201c erz\u00e4hlt sie von den Frauen ihrer Boomer-Generation \u2013 rasant, rebellisch und tiefschwarz komisch.<\/p><p><a href=\"https:\/\/w10b.de\/testserver\/hallenbad\/veranstaltungen\/lesetage2025-vanessa_ebert\/\">Vanessa Ebert<\/a> ist auf Social Media eine der bekanntesten Stimmen f\u00fcr Menschen mit der Diagnose ADHS. Mit Humor,gro\u00dfen Kopfh\u00f6rern und tiefgreifenden Alltagsbetrachtungen baut sie Stigmata ab undvermittelt mit kurzweiligen und unterhaltsamen Videos Verst\u00e4ndnis f\u00fcr komplexe ADHS-Themen. Im Rahmen der Lesetage stellt sie ihren Deb\u00fctroman \u201eSchnee in Portugal\u201c vor.<\/p><p>Investigativen Journalismus auf h\u00f6chstem Niveau pr\u00e4sentieren <a href=\"https:\/\/w10b.de\/testserver\/hallenbad\/veranstaltungen\/lesetage2025-lena-kampf-und-daniel-drepper-lesen\/\">Daniel Drepper<\/a>, Mitbegr\u00fcnder von Correctiv, und Journalistin <strong>Lena Kampf<\/strong>, die in ihrem Buch \u201eRow Zero\u201c\u00fcber den Rammstein-Skandal sowie Gewalt und Machtmissbrauch in der Musikindustrieberichten.<\/p><p>Stil-Ikone und \u201eHipster Opa\u201c <a href=\"https:\/\/w10b.de\/testserver\/hallenbad\/veranstaltungen\/lesetage2025-guenther-krabbenhoeft-liest\/\">G\u00fcnther Krabbenh\u00f6ft<\/a> begeistert das Internet mit Lebensfreude und Individualit\u00e4t im hohen Alter und stellt in seiner Biografie eine besondereLebensgeschichte vor.<\/p><p>Die beliebte Schauspielerin <a href=\"https:\/\/w10b.de\/testserver\/hallenbad\/veranstaltungen\/lesetage2025-adele-neuhauser-liest\/\">Adele Neuhauser<\/a>, bekannt als \u201eBibi Fellner\u201c im Wiener Tatort,liest aus Kultautor Stephen Fry\u2019s \u201eMYTHOS. Was uns die G\u00f6tter heute sagen\u201c \u2013 die \u00e4u\u00dfersthumorvollen, neu adaptierten Sagen der Antike. Begleitet wird sie musikalisch von Edi Nulz.<\/p><p><a href=\"https:\/\/w10b.de\/testserver\/hallenbad\/veranstaltungen\/lesetage2025-annika-brockschmidt-anja-ruetzel\/\">Annika Brockschmidt<\/a>, Expertin f\u00fcr Amerikas religi\u00f6se Rechte und Autorin und <strong>Anja R\u00fctzel<\/strong>, langj\u00e4hrige Trash-TV-Chronistin und Journalistin, werfen in ihrem Podcast \u201eDer B\u00e4tchcast\u201cihre journalistischen Expertisen zusammen. Live wird daraus eine furiose B\u00fchnenshowzwischen Popkultur und Politik.<\/p><p>Der erste Roman des K\u00fcnstlerinnenpaars <a href=\"https:\/\/w10b.de\/testserver\/hallenbad\/veranstaltungen\/lesetage2025-jasna-fritzi-bauer-und-katharina-zorn-lesen\/\">Jasna Fritzi Bauer<\/a> und <strong>Katharina Zorn<\/strong> basiert auf der Geschichte von Zorns Gro\u00dfmutter und erz\u00e4hlt eine au\u00dfergew\u00f6hnliche Emanzipationsgeschichte, die von den st\u00fcrmischen Sechzigern bis in die Gegenwart reicht. Jasna Fritzi Bauer, bekannt durch ihre Arbeit als Schauspielerin und Autorin, und Katharina Zorn, eine talentierte Regisseurin und Schriftstellerin, verbinden in ihrem Werk pers\u00f6nliche Erlebnisse mit gesellschaftlichen Themen und schaffen eine packende Erz\u00e4hlung \u00fcber Selbstbestimmung und Ver\u00e4nderung.<\/p><p>In seiner Autobiografie widmet sich der Gr\u00fcnen-Politiker <a href=\"https:\/\/w10b.de\/testserver\/hallenbad\/veranstaltungen\/lesetage2025-juergen-trittin\/\">J\u00fcrgen Trittin<\/a> zentralen Themenseines politischen Lebens. Dabei wirft er jeweils einen Blick auf Ungerechtigkeiten: auf dieUngerechtigkeit des Ausschlusses von Menschen aus der Demokratie, auf die Ungerechtigkeitder Reichtumsverteilung, auf die Ungerechtigkeit und das Leid von Kriegen sowie auf dieUngerechtigkeit der Klimakrise, die jene am st\u00e4rksten trifft, die sie am wenigsten verursachthaben.<\/p><p>In ihrem Buch \u201eMama Superstar\u201c portr\u00e4tieren <a href=\"https:\/\/w10b.de\/testserver\/hallenbad\/veranstaltungen\/lesetage2025-melisa-manrique-und-manik-chander\/\">Melisa Manrique und Manik Chander<\/a> elf mutige\u201eMigrant Mamas\u201c, erz\u00e4hlt aus der Perspektive ihrer deutschen T\u00f6chter. Es geht umbedingungslose Liebe, kulturelle Vielfalt und gelebte Integration. Die erste Auflage war nachvier Wochen ausverkauft, und die beiden Autorinnen wurden mit dem DeutschenIntegrationspreis ausgezeichnet.<\/p><p>Der vielseitige Schauspieler, Autor und S\u00e4nger <a href=\"https:\/\/w10b.de\/testserver\/hallenbad\/veranstaltungen\/lesetage2025-robert-stadlober\/\">Robert Stadlober<\/a> geht mit seinem Kurt Tucholsky-Programm auf Tour. Kurt Tucholskys bereits \u00fcber 100 Jahre alte Gedanken zumZeitenlauf haben an Aktualit\u00e4t leider nichts eingeb\u00fc\u00dft. Robert Stadlober verbindet sie mitseinen Melodien, seiner Musik und ruft uns ins Ged\u00e4chtnis, dass sich eben so viel nichtver\u00e4ndert hat, seit Kurt Tucholsky sagte: \u201eWenn wir einmal nicht grausam sind, dann denkenwir gleich, wir seien gut.\u201c<\/p><p>Die 16. Lesetage werden gef\u00f6rdert von Ehme de Riese \u201eDer Optiker\u201c. Die insgesamt zehn Veranstaltungen finden im November auf der gro\u00dfen B\u00fchne im Nichtschwimmerbecken statt. Literaturfans sollten sich fr\u00fchzeitig Tickets sichern, denn die Lesereihe ist seit Jahren \u00e4u\u00dferstbeliebt und schnell ausverkauft. Tickets gibt es ab 1.4.2025 um 16 Uhr\u00a0 im Hallenbad, an allen bekannten Vorverkaufsstellen und online bei <a href=\"https:\/\/www.reservix.de\/wolfsburg\/venue\/hallenbad-kultur-am-schachtweg\/v4288\">Reservix<\/a>.<\/p>\t\t\t\t\t\t\t\t<\/div>\n\t\t\t\t<\/div>\n\t\t\t\t<\/div>\n\t\t<div class=\"elementor-element elementor-element-70be63de e-con-full e-flex e-con e-child\" data-id=\"70be63de\" data-element_type=\"container\">\n\t\t\t\t<div class=\"elementor-element elementor-element-c5e983d elementor-widget elementor-widget-image\" data-id=\"c5e983d\" data-element_type=\"widget\" data-widget_type=\"image.default\">\n\t\t\t\t<div class=\"elementor-widget-container\">\n\t\t\t\t\t\t\t\t\t\t\t\t\t\t\t<img fetchpriority=\"high\" decoding=\"async\" width=\"764\" height=\"1080\" src=\"https:\/\/w10b.de\/testserver\/hallenbad\/wp-content\/uploads\/2025\/04\/2025_Lesetage_A3_WEB-2.jpg\" class=\"attachment-large size-large wp-image-18059\" alt=\"\" srcset=\"https:\/\/w10b.de\/testserver\/hallenbad\/wp-content\/uploads\/2025\/04\/2025_Lesetage_A3_WEB-2.jpg 764w, https:\/\/w10b.de\/testserver\/hallenbad\/wp-content\/uploads\/2025\/04\/2025_Lesetage_A3_WEB-2-453x640.jpg 453w, https:\/\/w10b.de\/testserver\/hallenbad\/wp-content\/uploads\/2025\/04\/2025_Lesetage_A3_WEB-2-153x216.jpg 153w\" sizes=\"(max-width: 764px) 100vw, 764px\" \/>\t\t\t\t\t\t\t\t\t\t\t\t\t\t\t<\/div>\n\t\t\t\t<\/div>\n\t\t\t\t<div class=\"elementor-element elementor-element-4d4ab953 elementor-widget elementor-widget-button\" data-id=\"4d4ab953\" data-element_type=\"widget\" data-widget_type=\"button.default\">\n\t\t\t\t<div class=\"elementor-widget-container\">\n\t\t\t\t\t\t\t\t\t<div class=\"elementor-button-wrapper\">\n\t\t\t\t\t<a class=\"elementor-button elementor-button-link elementor-size-sm\" href=\"https:\/\/hallenbad.de\/wp-content\/uploads\/2025\/04\/2025_Lesetage_Programmheft_WEB.pdf\" target=\"_blank\">\n\t\t\t\t\t\t<span class=\"elementor-button-content-wrapper\">\n\t\t\t\t\t\t\t\t\t<span class=\"elementor-button-text\">Download Programm<\/span>\n\t\t\t\t\t<\/span>\n\t\t\t\t\t<\/a>\n\t\t\t\t<\/div>\n\t\t\t\t\t\t\t\t<\/div>\n\t\t\t\t<\/div>\n\t\t\t\t<div class=\"elementor-element elementor-element-ddee193 elementor-widget elementor-widget-video\" data-id=\"ddee193\" data-element_type=\"widget\" data-settings=\"{&quot;video_type&quot;:&quot;hosted&quot;,&quot;controls&quot;:&quot;yes&quot;}\" data-widget_type=\"video.default\">\n\t\t\t\t<div class=\"elementor-widget-container\">\n\t\t\t\t\t\t\t<div class=\"e-hosted-video elementor-wrapper elementor-open-inline\">\n\t\t\t\t\t<video class=\"elementor-video\" src=\"https:\/\/w10b.de\/testserver\/hallenbad\/wp-content\/uploads\/2025\/04\/Kopie-von-Lesetage-x-Ehme-de-Riese.mp4\" controls=\"\" preload=\"metadata\" controlsList=\"nodownload\"><\/video>\n\t\t\t\t<\/div>\n\t\t\t\t\t\t<\/div>\n\t\t\t\t<\/div>\n\t\t\t\t<div class=\"elementor-element elementor-element-8b2f181 elementor-widget elementor-widget-button\" data-id=\"8b2f181\" data-element_type=\"widget\" data-widget_type=\"button.default\">\n\t\t\t\t<div class=\"elementor-widget-container\">\n\t\t\t\t\t\t\t\t\t<div class=\"elementor-button-wrapper\">\n\t\t\t\t\t<a class=\"elementor-button elementor-button-link elementor-size-sm\" href=\"https:\/\/hallenbad.de\/wp-content\/uploads\/2025\/04\/Kopie-von-Lesetage-x-Ehme-de-Riese.mp4\" target=\"_blank\">\n\t\t\t\t\t\t<span class=\"elementor-button-content-wrapper\">\n\t\t\t\t\t\t\t\t\t<span class=\"elementor-button-text\">Trailer ansehen<\/span>\n\t\t\t\t\t<\/span>\n\t\t\t\t\t<\/a>\n\t\t\t\t<\/div>\n\t\t\t\t\t\t\t\t<\/div>\n\t\t\t\t<\/div>\n\t\t\t\t<div class=\"elementor-element elementor-element-028b55a elementor-widget elementor-widget-image\" data-id=\"028b55a\" data-element_type=\"widget\" data-widget_type=\"image.default\">\n\t\t\t\t<div class=\"elementor-widget-container\">\n\t\t\t\t\t\t\t\t\t\t\t\t\t\t\t<img decoding=\"async\" width=\"1080\" height=\"380\" src=\"https:\/\/w10b.de\/testserver\/hallenbad\/wp-content\/uploads\/2023\/03\/Ehme_de_Riese_Logo.png\" class=\"attachment-large size-large wp-image-14740\" alt=\"\" srcset=\"https:\/\/w10b.de\/testserver\/hallenbad\/wp-content\/uploads\/2023\/03\/Ehme_de_Riese_Logo.png 1080w, https:\/\/w10b.de\/testserver\/hallenbad\/wp-content\/uploads\/2023\/03\/Ehme_de_Riese_Logo-384x135.png 384w, https:\/\/w10b.de\/testserver\/hallenbad\/wp-content\/uploads\/2023\/03\/Ehme_de_Riese_Logo-640x225.png 640w, https:\/\/w10b.de\/testserver\/hallenbad\/wp-content\/uploads\/2023\/03\/Ehme_de_Riese_Logo-768x270.png 768w\" sizes=\"(max-width: 1080px) 100vw, 1080px\" \/>\t\t\t\t\t\t\t\t\t\t\t\t\t\t\t<\/div>\n\t\t\t\t<\/div>\n\t\t\t\t<div class=\"elementor-element elementor-element-f44a9a6 elementor-widget elementor-widget-button\" data-id=\"f44a9a6\" data-element_type=\"widget\" data-widget_type=\"button.default\">\n\t\t\t\t<div class=\"elementor-widget-container\">\n\t\t\t\t\t\t\t\t\t<div class=\"elementor-button-wrapper\">\n\t\t\t\t\t<a class=\"elementor-button elementor-button-link elementor-size-sm\" href=\"http:\/\/www.ehmederiese.de\/\" target=\"_blank\">\n\t\t\t\t\t\t<span class=\"elementor-button-content-wrapper\">\n\t\t\t\t\t\t\t\t\t<span class=\"elementor-button-text\">ehmederiese.de<\/span>\n\t\t\t\t\t<\/span>\n\t\t\t\t\t<\/a>\n\t\t\t\t<\/div>\n\t\t\t\t\t\t\t\t<\/div>\n\t\t\t\t<\/div>\n\t\t\t\t<\/div>\n\t\t\t\t<\/div>\n\t\t\t\t\t<\/div>\n\t\t\t\t<\/div>\n\t\t\t\t<\/div>\n\t\t","protected":false},"excerpt":{"rendered":"<p>gef\u00f6rdert von Ehme de Riese. Der Optiker. Das Kulturzentrum Hallenbad l\u00e4dt in Kooperation mit Optiker Ehme de Riese herzlich zu den 16. Lesetagen ein. Diese traditionsreiche Veranstaltungsreihe bringt im November2025 erneut literarische H\u00f6hepunkte nach Wolfsburg. Das Publikum darf sich auf einvielseitiges und spannendes Programm freuen, das eine beeindruckende Bandbreite anStimmen und Formaten vereint. Neben bekannten [&hellip;]<\/p>\n","protected":false},"author":1,"featured_media":18006,"parent":1244,"menu_order":0,"comment_status":"closed","ping_status":"closed","template":"","meta":{"footnotes":""},"class_list":["post-811","page","type-page","status-publish","has-post-thumbnail","hentry"],"_links":{"self":[{"href":"https:\/\/w10b.de\/testserver\/hallenbad\/wp-json\/wp\/v2\/pages\/811","targetHints":{"allow":["GET"]}}],"collection":[{"href":"https:\/\/w10b.de\/testserver\/hallenbad\/wp-json\/wp\/v2\/pages"}],"about":[{"href":"https:\/\/w10b.de\/testserver\/hallenbad\/wp-json\/wp\/v2\/types\/page"}],"author":[{"embeddable":true,"href":"https:\/\/w10b.de\/testserver\/hallenbad\/wp-json\/wp\/v2\/users\/1"}],"replies":[{"embeddable":true,"href":"https:\/\/w10b.de\/testserver\/hallenbad\/wp-json\/wp\/v2\/comments?post=811"}],"version-history":[{"count":123,"href":"https:\/\/w10b.de\/testserver\/hallenbad\/wp-json\/wp\/v2\/pages\/811\/revisions"}],"predecessor-version":[{"id":19979,"href":"https:\/\/w10b.de\/testserver\/hallenbad\/wp-json\/wp\/v2\/pages\/811\/revisions\/19979"}],"up":[{"embeddable":true,"href":"https:\/\/w10b.de\/testserver\/hallenbad\/wp-json\/wp\/v2\/pages\/1244"}],"wp:featuredmedia":[{"embeddable":true,"href":"https:\/\/w10b.de\/testserver\/hallenbad\/wp-json\/wp\/v2\/media\/18006"}],"wp:attachment":[{"href":"https:\/\/w10b.de\/testserver\/hallenbad\/wp-json\/wp\/v2\/media?parent=811"}],"curies":[{"name":"wp","href":"https:\/\/api.w.org\/{rel}","templated":true}]}}