{"id":12991,"date":"2022-07-07T11:56:19","date_gmt":"2022-07-07T09:56:19","guid":{"rendered":"https:\/\/hallenbad.de\/kulturzentrum\/youthandculture-copy\/"},"modified":"2025-07-09T14:48:04","modified_gmt":"2025-07-09T12:48:04","slug":"tanzendestheater","status":"publish","type":"page","link":"https:\/\/w10b.de\/testserver\/hallenbad\/angebote\/tanzendestheater\/","title":{"rendered":"Tanzendes Theater"},"content":{"rendered":"\t\t<div data-elementor-type=\"wp-page\" data-elementor-id=\"12991\" class=\"elementor elementor-12991\" data-elementor-post-type=\"page\">\n\t\t\t\t<div class=\"elementor-element elementor-element-231660b3 e-con-full e-flex e-con e-parent\" data-id=\"231660b3\" data-element_type=\"container\" data-settings=\"{&quot;background_background&quot;:&quot;classic&quot;}\">\n\t\t\t\t<\/div>\n\t\t<div class=\"elementor-element elementor-element-4d673a7f e-flex e-con-boxed e-con e-parent\" data-id=\"4d673a7f\" data-element_type=\"container\" data-settings=\"{&quot;background_background&quot;:&quot;classic&quot;}\">\n\t\t\t\t\t<div class=\"e-con-inner\">\n\t\t<div class=\"elementor-element elementor-element-4ff459b1 e-con-full e-flex e-con e-child\" data-id=\"4ff459b1\" data-element_type=\"container\" data-settings=\"{&quot;background_background&quot;:&quot;classic&quot;}\">\n\t\t\t\t<div class=\"elementor-element elementor-element-474ed89d elementor-widget__width-inherit elementor-widget elementor-widget-theme-post-title elementor-page-title elementor-widget-heading\" data-id=\"474ed89d\" data-element_type=\"widget\" data-widget_type=\"theme-post-title.default\">\n\t\t\t\t<div class=\"elementor-widget-container\">\n\t\t\t\t\t<h1 class=\"elementor-heading-title elementor-size-default\">Tanzendes Theater<\/h1>\t\t\t\t<\/div>\n\t\t\t\t<\/div>\n\t\t\t\t<div class=\"elementor-element elementor-element-2c9eef53 elementor-widget elementor-widget-heading\" data-id=\"2c9eef53\" data-element_type=\"widget\" data-widget_type=\"heading.default\">\n\t\t\t\t<div class=\"elementor-widget-container\">\n\t\t\t\t\t<h2 class=\"elementor-heading-title elementor-size-default\">Schule f\u00fcr Tanz, Gesang und Schauspiel<\/h2>\t\t\t\t<\/div>\n\t\t\t\t<\/div>\n\t\t\t\t<div class=\"elementor-element elementor-element-1cde5e65 elementor-widget__width-inherit elementor-widget-divider--view-line elementor-widget elementor-widget-divider\" data-id=\"1cde5e65\" data-element_type=\"widget\" data-widget_type=\"divider.default\">\n\t\t\t\t<div class=\"elementor-widget-container\">\n\t\t\t\t\t\t\t<div class=\"elementor-divider\">\n\t\t\t<span class=\"elementor-divider-separator\">\n\t\t\t\t\t\t<\/span>\n\t\t<\/div>\n\t\t\t\t\t\t<\/div>\n\t\t\t\t<\/div>\n\t\t<div class=\"elementor-element elementor-element-46f663a9 e-con-full e-flex e-con e-child\" data-id=\"46f663a9\" data-element_type=\"container\" data-settings=\"{&quot;background_background&quot;:&quot;classic&quot;}\">\n\t\t\t\t<div class=\"elementor-element elementor-element-2f39aee7 elementor-widget elementor-widget-text-editor\" data-id=\"2f39aee7\" data-element_type=\"widget\" data-widget_type=\"text-editor.default\">\n\t\t\t\t<div class=\"elementor-widget-container\">\n\t\t\t\t\t\t\t\t\t<p>Als Schule f\u00fcr Tanz, Gesang und Schauspiel verbindet das Tanzende Theater Wolfsburg e.V. kulturelle Bildung und professionelle B\u00fchnenpr\u00e4senz.<\/p><p>Seit fast 40 Jahren steht das Tanzende Theater f\u00fcr ausdrucksstarke T\u00e4nze, begeisternde Inszenierungen und generations\u00fcbergreifende Projekte. Die verschiedenen Ensembles locken jeweils hunderte Zuschauer jeden Alters in ihre Veranstaltungen.<\/p><p>Den Zauber der B\u00fchne in den w\u00f6chentlichen Kursunterricht zu transportieren ist eines der Erfolgsrezepte des ausgezeichneten Ausbildungsbereichs des Tanzenden Theaters. Rund 500 Kursteilnehmer werden w\u00f6chentlich in 32 verschiedenen Kursen im \u201eHallenbad \u2013 Kultur am Schachtweg\u201c unterrichtet. Von 4 Jahren an, k\u00f6nnen Kinder, Jugendliche und Erwachsene mit viel Spa\u00df K\u00f6rpererfahrung und Rhythmusgef\u00fchl erlernen. Mit zunehmendem Alter und Erfahrung entwickeln sich dann Bewegungsvielfalt und Gruppengef\u00fchl, Mut zur eigenen Improvisation und choreografische Umsetzung. Sich selbstbewusst auf der B\u00fchne zu zeigen, kann jedem Kind bzw. Teilnehmer m\u00f6glich werden und ist eine wunderbare Erfahrung f\u00fcr jede Lebenssituation.<\/p><p>Au\u00dferhalb von B\u00fchne und Unterricht ist das TTW als gefragter Showact bei kleinen und gro\u00dfen Veranstaltungen buchbar. Von privaten Feiern bis Firmenfesten bieten wir Live-Shows mit Moderation, Tanz und Gesang. Auch Walking Acts, Modenschauen oder Performances mit anderen K\u00fcnstlern sind m\u00f6glich, sowie Workshops, Kooperationen mit Schulen, Kindertagesst\u00e4tten und anderen Kulturtr\u00e4gern.<\/p>\t\t\t\t\t\t\t\t<\/div>\n\t\t\t\t<\/div>\n\t\t\t\t<\/div>\n\t\t<div class=\"elementor-element elementor-element-50a8eb16 e-con-full e-flex e-con e-child\" data-id=\"50a8eb16\" data-element_type=\"container\">\n\t\t\t\t<div class=\"elementor-element elementor-element-6bffdca7 elementor-widget elementor-widget-image\" data-id=\"6bffdca7\" data-element_type=\"widget\" data-widget_type=\"image.default\">\n\t\t\t\t<div class=\"elementor-widget-container\">\n\t\t\t\t\t\t\t\t\t\t\t\t\t\t\t<img decoding=\"async\" width=\"337\" height=\"36\" src=\"https:\/\/w10b.de\/testserver\/hallenbad\/wp-content\/uploads\/2025\/06\/ttwlogo-schwarz.png\" class=\"attachment-thumbnail size-thumbnail wp-image-18759\" alt=\"Tanzendes Theater Logo\" \/>\t\t\t\t\t\t\t\t\t\t\t\t\t\t\t<\/div>\n\t\t\t\t<\/div>\n\t\t\t\t<div class=\"elementor-element elementor-element-82e0681 elementor-widget elementor-widget-heading\" data-id=\"82e0681\" data-element_type=\"widget\" data-widget_type=\"heading.default\">\n\t\t\t\t<div class=\"elementor-widget-container\">\n\t\t\t\t\t<h3 class=\"elementor-heading-title elementor-size-default\">\u00d6ffnungszeiten<\/h3>\t\t\t\t<\/div>\n\t\t\t\t<\/div>\n\t\t\t\t<div class=\"elementor-element elementor-element-51f7b337 elementor-widget elementor-widget-text-editor\" data-id=\"51f7b337\" data-element_type=\"widget\" data-widget_type=\"text-editor.default\">\n\t\t\t\t<div class=\"elementor-widget-container\">\n\t\t\t\t\t\t\t\t\t<div class=\"wpb_text_column wpb_content_element subline\"><div class=\"wpb_wrapper\"><div class=\"mk-col-1-4\"><section id=\"custom_html-2\" class=\"widget_text widget widget_custom_html mk-in-viewport\"><p class=\"textwidget custom-html-widget\">Montag \u2013 Freitag 14:00-17:00 Uhr<\/p><\/section><\/div><\/div><\/div><div class=\"wpb_text_column wpb_content_element description\"><div class=\"wpb_wrapper\"><p>Schachtweg 31\u00a0<br \/>38440 Wolfsburg<br \/>Tel.: 053612728129<\/p><p><a href=\"mailto:tanzendestheater@hallenbad.de\">tanzendestheater@hallenbad.de<\/a><\/p><\/div><\/div>\t\t\t\t\t\t\t\t<\/div>\n\t\t\t\t<\/div>\n\t\t\t\t<div class=\"elementor-element elementor-element-1d7f675a elementor-widget elementor-widget-button\" data-id=\"1d7f675a\" data-element_type=\"widget\" data-widget_type=\"button.default\">\n\t\t\t\t<div class=\"elementor-widget-container\">\n\t\t\t\t\t\t\t\t\t<div class=\"elementor-button-wrapper\">\n\t\t\t\t\t<a class=\"elementor-button elementor-button-link elementor-size-sm\" href=\"https:\/\/tanzendestheater.de\/\" target=\"_blank\">\n\t\t\t\t\t\t<span class=\"elementor-button-content-wrapper\">\n\t\t\t\t\t\t\t\t\t<span class=\"elementor-button-text\">Zum Tanzenden Theater<\/span>\n\t\t\t\t\t<\/span>\n\t\t\t\t\t<\/a>\n\t\t\t\t<\/div>\n\t\t\t\t\t\t\t\t<\/div>\n\t\t\t\t<\/div>\n\t\t\t\t<\/div>\n\t\t\t\t<\/div>\n\t\t\t\t\t<\/div>\n\t\t\t\t<\/div>\n\t\t\t\t<\/div>\n\t\t","protected":false},"excerpt":{"rendered":"<p>Schule f\u00fcr Tanz, Gesang und Schauspiel Als Schule f\u00fcr Tanz, Gesang und Schauspiel verbindet das Tanzende Theater Wolfsburg e.V. kulturelle Bildung und professionelle B\u00fchnenpr\u00e4senz. Seit fast 40 Jahren steht das Tanzende Theater f\u00fcr ausdrucksstarke T\u00e4nze, begeisternde Inszenierungen und generations\u00fcbergreifende Projekte. Die verschiedenen Ensembles locken jeweils hunderte Zuschauer jeden Alters in ihre Veranstaltungen. Den Zauber der [&hellip;]<\/p>\n","protected":false},"author":2,"featured_media":13008,"parent":1244,"menu_order":0,"comment_status":"closed","ping_status":"closed","template":"","meta":{"footnotes":""},"class_list":["post-12991","page","type-page","status-publish","has-post-thumbnail","hentry"],"_links":{"self":[{"href":"https:\/\/w10b.de\/testserver\/hallenbad\/wp-json\/wp\/v2\/pages\/12991","targetHints":{"allow":["GET"]}}],"collection":[{"href":"https:\/\/w10b.de\/testserver\/hallenbad\/wp-json\/wp\/v2\/pages"}],"about":[{"href":"https:\/\/w10b.de\/testserver\/hallenbad\/wp-json\/wp\/v2\/types\/page"}],"author":[{"embeddable":true,"href":"https:\/\/w10b.de\/testserver\/hallenbad\/wp-json\/wp\/v2\/users\/2"}],"replies":[{"embeddable":true,"href":"https:\/\/w10b.de\/testserver\/hallenbad\/wp-json\/wp\/v2\/comments?post=12991"}],"version-history":[{"count":50,"href":"https:\/\/w10b.de\/testserver\/hallenbad\/wp-json\/wp\/v2\/pages\/12991\/revisions"}],"predecessor-version":[{"id":19366,"href":"https:\/\/w10b.de\/testserver\/hallenbad\/wp-json\/wp\/v2\/pages\/12991\/revisions\/19366"}],"up":[{"embeddable":true,"href":"https:\/\/w10b.de\/testserver\/hallenbad\/wp-json\/wp\/v2\/pages\/1244"}],"wp:featuredmedia":[{"embeddable":true,"href":"https:\/\/w10b.de\/testserver\/hallenbad\/wp-json\/wp\/v2\/media\/13008"}],"wp:attachment":[{"href":"https:\/\/w10b.de\/testserver\/hallenbad\/wp-json\/wp\/v2\/media?parent=12991"}],"curies":[{"name":"wp","href":"https:\/\/api.w.org\/{rel}","templated":true}]}}